 a factor of 12204?
True
Is 18 a factor of 792?
True
Is 4263 a multiple of 24?
False
Is 17 a factor of 646?
True
Does 12 divide 11556?
True
Is 300 a factor of 52989?
False
Does 352 divide 85536?
True
Does 47 divide 227?
False
Is 14202 a multiple of 178?
False
Is 408 a multiple of 6?
True
Is 284 a factor of 7384?
True
Does 58 divide 370?
False
Is 426 a multiple of 9?
False
Is 77 even?
False
Is 15 a factor of 405?
True
Is 2259 a multiple of 11?
False
Does 52 divide 17901?
False
Is 77 a factor of 6899?
False
Does 13 divide 40573?
True
Is 353 a multiple of 46?
False
Is 2 a factor of 734?
True
Does 20 divide 2004?
False
Does 8 divide 240?
True
Is 34 a factor of 6358?
True
Is 70056 a multiple of 42?
True
Does 20 divide 180?
True
Is 624 a multiple of 21?
False
Does 4 divide 1461?
False
Does 60 divide 49740?
True
Is 11442 a multiple of 110?
False
Does 27 divide 124?
False
Is 1536 a multiple of 32?
True
Is 2664 a multiple of 74?
True
Does 99 divide 408?
False
Is 58 a factor of 8140?
False
Does 14 divide 1722?
True
Is 6 a factor of 47?
False
Does 38 divide 608?
True
Is 21276 a multiple of 36?
True
Does 21 divide 5907?
False
Is 1163 a multiple of 76?
False
Does 12 divide 720?
True
Does 23 divide 18354?
True
Is 1334 a multiple of 55?
False
Is 16872 a multiple of 12?
True
Is 28 a factor of 832?
False
Is 640 a multiple of 20?
True
Is 291 a multiple of 45?
False
Is 24 a factor of 4572?
False
Does 18 divide 684?
True
Is 19 a factor of 857?
False
Is 2 a factor of 350?
True
Does 30 divide 60?
True
Does 30 divide 5610?
True
Is 17 a factor of 2244?
True
Does 38 divide 25324?
False
Is 258 a multiple of 19?
False
Is 1220 a multiple of 8?
False
Does 8 divide 174?
False
Is 31 a factor of 2015?
True
Is 10 a factor of 723?
False
Is 110 a factor of 524?
False
Is 6 a factor of 54?
True
Is 33 a factor of 530?
False
Is 11 a factor of 1012?
True
Is 13 a factor of 234?
True
Is 82 a factor of 52398?
True
Is 3846 a multiple of 33?
False
Is 22 a factor of 1144?
True
Is 2 a factor of 96?
True
Is 21 a factor of 84?
True
Is 74 a multiple of 2?
True
Is 371 a multiple of 34?
False
Is 7 a factor of 2023?
True
Is 540 a multiple of 27?
True
Is 73 a factor of 16425?
True
Is 13 a factor of 52?
True
Is 1482 a multiple of 13?
True
Does 168 divide 367?
False
Is 7 a factor of 203?
True
Does 4 divide 4634?
False
Is 17846 a multiple of 11?
False
Is 52 a multiple of 2?
True
Does 13 divide 1905?
False
Is 5929 a multiple of 49?
True
Is 66 a factor of 1078?
False
Is 16078 a multiple of 19?
False
Does 20 divide 993?
False
Does 12 divide 420?
True
Is 9 a factor of 12655?
False
Is 120 a multiple of 5?
True
Does 14 divide 3546?
False
Is 7992 a multiple of 111?
True
Does 42 divide 15582?
True
Is 178 a factor of 13528?
True
Is 46 a factor of 920?
True
Does 54 divide 32400?
True
Does 332 divide 44269?
False
Is 8 a factor of 1788?
False
Is 11 a factor of 70600?
False
Is 13 a factor of 55749?
False
Does 10 divide 7990?
True
Is 9171 a multiple of 26?
False
Is 636 a multiple of 31?
False
Is 70196 a multiple of 46?
True
Is 27 a factor of 297?
True
Is 57 a factor of 76266?
True
Does 4 divide 691?
False
Is 59144 a multiple of 251?
False
Is 3784 a multiple of 43?
True
Does 99 divide 27840?
False
Does 31 divide 403?
True
Does 15 divide 1139?
False
Is 152320 a multiple of 56?
True
Does 9 divide 72?
True
Is 302 a multiple of 12?
False
Is 4 a factor of 5716?
True
Is 660 a multiple of 5?
True
Is 7579 a multiple of 53?
True
Does 6 divide 113?
False
Does 2 divide 1670?
True
Is 576 a multiple of 8?
True
Is 8800 a multiple of 9?
False
Is 56 a factor of 34216?
True
Is 17 a factor of 2839?
True
Is 161 a factor of 36547?
True
Does 215 divide 12470?
True
Is 1725 a multiple of 69?
True
Does 17 divide 2270?
False
Does 58 divide 45319?
False
Does 61 divide 5124?
True
Is 73 a factor of 2190?
True
Does 8 divide 3275?
False
Is 48 a factor of 2269?
False
Is 472 a multiple of 2?
True
Is 1785 a multiple of 35?
True
Is 4220 a multiple of 20?
True
Does 8 divide 1042?
False
Is 142231 a multiple of 71?
False
Is 60 a factor of 1767?
False
Is 20 a factor of 326?
False
Is 2380 a multiple of 63?
False
Is 89 a factor of 3596?
False
Is 190 a multiple of 4?
False
Is 25 a factor of 8702?
False
Is 36 a factor of 4824?
True
Is 57070 a multiple of 130?
True
Is 8 a factor of 10230?
False
Does 16 divide 6165?
False
Does 53 divide 1266?
False
Is 12 a factor of 24870?
False
Is 532 a multiple of 76?
True
Is 28 a factor of 1662?
False
Is 1610 a multiple of 14?
True
Is 3100 a multiple of 71?
False
Does 40 divide 200?
True
Is 30 a factor of 17460?
True
Is 49 a multiple of 7?
True
Does 73 divide 7665?
True
Is 30940 a multiple of 70?
True
Does 39 divide 2780?
False
Does 41 divide 61?
False
Is 714 a multiple of 42?
True
Is 365 a multiple of 12?
False
Does 28 divide 15708?
True
Does 4 divide 341?
False
Is 80 a factor of 9183?
False
Is 83 a factor of 83?
True
Does 115 divide 61136?
False
Is 14689 a multiple of 37?
True
Is 129754 a multiple of 11?
False
Does 13 divide 2577?
False
Is 12 a factor of 516?
True
Does 6 divide 298?
False
Is 60 a factor of 713?
False
Is 38920 a multiple of 8?
True
Is 4718 a multiple of 41?
False
Does 4 divide 19584?
True
Is 375 a multiple of 5?
True
Does 34 divide 680?
True
Does 18 divide 14796?
True
Does 7 divide 14007?
True
Does 99 divide 4356?
True
Is 15580 a multiple of 242?
False
Is 196 a factor of 10118?
False
Is 67 a factor of 8101?
False
Is 2171 a multiple of 146?
False
Is 67 a factor of 23924?
False
Does 21 divide 10479?
True
Is 2601 a multiple of 75?
False
Does 63 divide 2809?
False
Is 132 a multiple of 22?
True
Does 16 divide 470?
False
Does 6 divide 408?
True
Is 600 a multiple of 52?
False
Is 3950 a multiple of 8?
False
Is 11 a factor of 119?
False
Is 2 a factor of 1426?
True
Does 20 divide 1600?
True
Is 77 a factor of 19789?
True
Is 84 a factor of 648?
False
Is 8 a factor of 114?
False
Does 14 divide 518?
True
Is 83 a multiple of 12?
False
Is 46 a factor of 1840?
True
Does 18 divide 111?
False
Is 29 a factor of 26522?
False
Is 10 a factor of 1887?
False
Is 15 a factor of 570?
True
Is 2129 a multiple of 4?
False
Does 15 divide 99688?
False
Does 19 divide 2318?
True
Is 1140 a multiple of 5?
True
Is 84 a multiple of 14?
True
Does 11 divide 3223?
True
Is 47 a factor of 1813?
False
Is 7437 a multiple of 201?
True
Does 88 divide 5440?
False
Is 1345 a multiple of 35?
False
Is 4791 a multiple of 6?
False
Is 134 a factor of 20526?
False
Does 3 divide 708?
True
Is 7 a factor of 70129?
False
Does 7 divide 4116?
True
Is 3 a factor of 248?
False
Is 7708 a multiple of 19?
False
Is 1458 a multiple of 23?
False
Is 12 a factor of 882?
False
Is 11496 a multiple of 9?
False
Is 40710 a multiple of 12?
False
Does 16 divide 400?
True
Is 224 a multiple of 5?
False
Is 1201 a multiple of 8?
False
Does 81 divide 10971?
False
Is 200 a factor of 20200?
True
Does 8 divide 2223?
False
Does 8 divide 10458?
False
Does 33 divide 1396?
False
Is 34 a factor of 2078?
False
Does 142 divide 17324?
True
Is 25020 a multiple of 45?
True
Is 13 a factor of 207?
False
Does 2 divide 239?
False
Does 76 divide 15424?
False
Is 54 a factor of 3618?
True
Does 4 divide 169?
False
Does 2 divide 317?
False
Is 918 a multiple of 17?
True
Is 1209 a multiple of 13?
True
Is 2380 a multiple of 85?
True
Is 91 a factor of 1099?
False
Does 12 divide 72552?
True
Is 7 a factor of 7500?
False
Does 24 divide 440?
False
Does 9 divide 1026?
True
Is 918 a multiple of 102?
True
Is 14 a factor of 61000?
False
Is 11803 a multiple of 29?
True
Does 77 divide 888?
False
Does 17 divide 17535?
False
Is 671 a multiple of 58?
False
Is 3 a factor of 12240?
True
Is 71407 a multiple of 101?
True
Is 11 a factor of 29260?
True
Is 12 a factor of 72?
True
Does 16 divide 36793?
False
Is 430 a multiple of 43?
True
Is 7699 a multiple of 10?
False
Is 49 a factor of 98?
True
Is 4634 a multiple of 14?
True
Does 27 divide 23446?
False
Is 1914 a multiple of 22?
True
Is 3977 a multiple of 145?
False
Is 28420 a multiple of 20?
True
Is 161 a multiple of 11?
False
Is 62425 a multiple of 275?
True
Is 172321 a multiple of 15?
False
Is 4 a factor of 273?
False
Is 30 a factor of 838?
False
Does 13 divide 663?
True
Is 66 a factor of 33858?
True
Does 35 divide 45164?
False
Is 2432 a multiple of 3?
False
Is 13224 a multi